111001?
-11001100100110111111
In base 3, what is -21011120 - 211012000?
-1002100120
In base 15, what is -c6 + -90ed?
-91c4
In base 3, what is 200021111120 - -2110021?
200100221211
In base 14, what is 163 + -4c9724?
-4c95a1
In base 7, what is -206503 + -3?
-206506
In base 2, what is 100011110110100011 - 1001101?
100011110101010110
In base 3, what is 22211221210202 + 201?
22211221211110
In base 11, what is 4 + 41067534?
41067538
In base 14, what is 900535 + 3?
900538
In base 13, what is -40 + -3730b8?
-373128
In base 15, what is 247c - 885?
1ae7
In base 12, what is 4 + 6a3ba1?
6a3ba5
In base 13, what is -c04978c - 5?
-c049794
In base 5, what is 21341 - 221030?
-144134
In base 2, what is -11001010101101001111000101 + 0?
-11001010101101001111000101
In base 4, what is 101003330 + -12?
101003312
In base 9, what is 1 + 76310?
76311
In base 4, what is -1300112 - 3221103?
-11121221
In base 16, what is 6de0 + -a?
6dd6
In base 12, what is -2844 + -b50a?
-12152
In base 13, what is -6b40b65 + -1?
-6b40b66
In base 12, what is -813558 + -5?
-813561
In base 11, what is -197 - -44659a?
446403
In base 6, what is 245554 - -133?
250131
In base 6, what is -35 + 2055324143?
2055324104
In base 3, what is -11221012101 + -2202?
-11221022010
In base 14, what is 1 - 3dac6d?
-3dac6c
In base 11, what is -3 - 7888877?
-788887a
In base 6, what is 20231 - 454355?
-434124
In base 9, what is 67 - -1312034?
1312112
In base 4, what is -3300303013032 + 0?
-3300303013032
In base 9, what is -3234018 - 3?
-3234022
In base 14, what is -1 + 66482c8?
66482c7
In base 14, what is -3b87 - 15051?
-18bd8
In base 13, what is -a + -12611a01?
-12611a0b
In base 14, what is 1 + -db2a40?
-db2a3d
In base 10, what is 45 - -11161742?
11161787
In base 14, what is -5c58 + -4a53?
-a8ab
In base 11, what is -4228 + 570a?
1492
In base 6, what is 14 + -1432020013?
-1432015555
In base 15, what is 42b + 5b1a?
6046
In base 2, what is 11110101101111010001 - 100000100?
11110101101011001101
In base 6, what is 13310 - -2554200?
3011510
In base 14, what is 3857b2c - 7?
3857b25
In base 14, what is 18 + 14286b?
142885
In base 7, what is -30 - 11434566?
-11434626
In base 6, what is 21515453 + 31?
21515524
In base 13, what is -6 - -71c411?
71c408
In base 7, what is 523101525 + -1?
523101524
In base 10, what is -560 - 16841?
-17401
In base 12, what is -105 + 34257?
34152
In base 11, what is -5717 - 1084a?
-16466
In base 8, what is -114765157 + -11?
-114765170
In base 11, what is 19 - 76307?
-76299
In base 4, what is 3010230 + 10300?
3021130
In base 4, what is 1002021 + -230000?
112021
In base 5, what is 3 + 400432411?
400432414
In base 12, what is a970613 + -7?
a970608
In base 15, what is -3 + 102daee?
102daeb
In base 12, what is 6 + 2059a7a5?
2059a7ab
In base 14, what is 5 - -486cc0?
486cc5
In base 15, what is -a695a + 5?
-a6955
In base 16, what is 50cf - 85e?
4871
In base 7, what is 531403332 + 5?
531403340
In base 5, what is 0 - 2302020004?
-2302020004
In base 10, what is 14884 - -15552?
30436
In base 7, what is -3053 - 142511?
-145564
In base 10, what is -132 - 312538?
-312670
In base 7, what is -345005136 + -10?
-345005146
In base 6, what is 222 - 304402?
-304140
In base 5, what is -1113 + -1402134?
-1403302
In base 4, what is 33211223023 - 0?
33211223023
In base 9, what is -41301861 + 2?
-41301858
In base 14, what is 303 + 848?
b4b
In base 13, what is 2604c3 + 20?
260513
In base 5, what is -4 - -12310204323?
12310204314
In base 5, what is 3 + 3030224231?
3030224234
In base 5, what is 22001133331 - -4?
22001133340
In base 15, what is -c1 + -461ceb?
-461dbc
In base 2, what is -1000000100100111100 + 110?
-1000000100100110110
In base 11, what is -630195 - -5?
-630190
In base 16, what is 864 - -3c55?
44b9
In base 6, what is 12212433 - 105?
12212324
In base 3, what is -120022020210201 - -1?
-120022020210200
In base 6, what is 2031454013 + -1?
2031454012
In base 12, what is 2207 + 4263?
646a
In base 4, what is 330302310321 - -3?
330302310330
In base 12, what is -2 + 399404?
399402
In base 5, what is -10 - -132043133004?
132043132444
In base 11, what is -88949 - -62?
-88897
In base 16, what is -21b - 1401?
-161c
In base 13, what is -25818 - 301?
-25b19
In base 15, what is 1738 + 45a?
1b93
In base 14, what is -5 + -3a92b?
-3a932
In base 2, what is -101011001110101000001 + 1001?
-101011001110100111000
In base 16, what is 817c9 + 1b?
817e4
In base 16, what is 6 - 41f25?
-41f1f
In base 15, what is -201d389 + -5?
-201d38e
In base 13, what is -967c8c - 3a?
-967cc9
In base 8, what is 2750344 + 1736?
2752302
In base 8, what is 130260322 - 13?
130260307
In base 10, what is -454911 - 9?
-454920
In base 14, what is 4 - 16d7cdc5?
-16d7cdc1
In base 12, what is -356507 - -2?
-356505
In base 2, what is 11110111000010011011101 + 1100?
11110111000010011101001
In base 12, what is 3 + 7059ba9?
7059bb0
In base 14, what is db3 + 743?
1716
In base 9, what is 13217515 + 4?
13217520
In base 11, what is 7720a59 + 6?
7720a64
In base 9, what is -4 + 48332761?
48332756
In base 9, what is 153226 - 3113?
150113
In base 12, what is -b + -187402b9?
-18740308
In base 5, what is 3210 - -1010134?
1013344
In base 12, what is -13755aa5 + 3?
-13755aa2
In base 5, what is -11040 - 300221333?
-300232423
In base 4, what is -1102220113122 - 10?
-1102220113132
In base 10, what is 9511 + 175?
9686
In base 11, what is -8699 - -97?
-8602
In base 11, what is 8 - 1423980?
-1423973
In base 11, what is -1 + -4174804?
-4174805
In base 3, what is -11122112100110 + 12?
-11122112100021
In base 10, what is 654 - 41239?
-40585
In base 14, what is 4db4 + 395c?
8932
In base 12, what is 15b + -14856b?
-148410
In base 11, what is 623a323 - -1?
623a324
In base 10, what is 0 - 104091611?
-104091611
In base 5, what is 42224313 + -14023?
42210240
In base 9, what is 1082254 - 326?
1081827
In base 2, what is 11101111100011001000100110000 - 11?
11101111100011001000100101101
In base 7, what is -15555121 + -41?
-15555162
In base 2, what is -1001 + -1010000101111001111100?
-1010000101111010000101
In base 7, what is 134045 + 13200?
150245
In base 3, what is -10112020202 - 11011202?
-10200102111
In base 13, what is 56a4 + -117a?
4527
In base 4, what is 22 - 2310010212011?
-2310010211323
In base 2, what is 10010110101100110010111110 - -110?
10010110101100110011000100
In base 10, what is -1 - -117356663?
117356662
In base 8, what is 76 - -46743?
47041
In base 2, what is -11101010111 + -11011011101101?
-11111001000100
In base 6, what is -20 - 4110222?
-4110242
In base 4, what is 20210101 + 2001310?
22212011
In base 14, what is -3 + 5dbc80?
5dbc7b
In base 12, what is -135463 - -4?
-13545b
In base 5, what is -331 + -4442202?
-4443033
In base 10, what is -300 + 932678?
932378
In base 6, what is 15242015 + 10120?
15252135
In base 10, what is -3816821 + -1?
-3816822
In base 13, what is -16b + 7689?
751b
In base 10, what is 37 + -231365?
-231328
In base 8, what is -5 - -242662333?
242662326
In base 12, what is -5a - 4316?
-4374
In base 13, what is -6 - 13ca0bb?
-13ca0c4
In base 12, what is 185a138 + -28?
185a110
In base 11, what is 14 + 1636910?
1636924
In base 10, what is 10 - 403440?
-403430
In base 14, what is -4 - 2089562?
-2089566
In base 14, what is -10ad4 - 396?
-1108a
In base 8, what is -34326762 - 13?
-34326775
In base 7, what is 23 - -11562436?
11562462
In base 16, what is 6413 - 319?
60fa
In base 6, what is 115111 + 135410?
254521
In base 9, what is -427 - -116233?
115705
In base 16, what is 14943 + -103?
14840
In base 5, what is -142400131311 + 1?
-142400131310
In base 3, what is 111222 - -220020022021?
220020211020
In base 6, what is -115414 - -4455?
-110515
In base 14, what is 1 - 16359c46?
-16359c45
In base 14, what is -7ba + 1aa?
-610
In base 12, what is -b + 2011528?
2011519
In base 4, what is 112001332 + -3331?
111332001
In base 4, what is -12000032200 - -100?
-12000032100
In base 12, what is 605b94 + -ab?
605aa5
In base 15, what is -441 + 3267?
2d26
In base 7, what is 223421 - 3636?
216452
In base 4, what is 23111 - -1022310?
1112021
In base 2, what is 1111010010100111110110100 - 0?
1111010010100111110110100
In base 16, what is -61f + 77ba?
719b
In base 11, what is 500853 - 30?
500823
In base 4, what is 103 - 1112032032?
-1112031323
In base 6, what is 35402512524 - -5?
35402512